{"id":173,"date":"2023-09-02T18:38:25","date_gmt":"2023-09-02T18:38:25","guid":{"rendered":"http:\/\/fk-villastahmer.veldten.eu\/?page_id=173"},"modified":"2025-02-26T16:48:26","modified_gmt":"2025-02-26T16:48:26","slug":"mitglied-werden","status":"publish","type":"page","link":"https:\/\/fk-villastahmer.de\/?page_id=173","title":{"rendered":"Mitglied werden"},"content":{"rendered":"<p>Die Villa Stahmer liegt uns am Herzen. Ihnen auch? Dann werden Sie doch Mitglied in unserem Freundeskreis. Wir w\u00fcrden uns sehr \u00fcber Ihre Unterst\u00fctzung freuen. Unterst\u00fctzen Sie uns und helfen Sie dabei, die denkmalgesch\u00fctzte Villa mit ihrem stadtgeschichtlichen Museum und seinen wechselnden interessanten Kunstausstellungen in ihrem Bestand zu sichern.Laden Sie dazu unseren Flyer, die MS-Word-Datei oder das entsprechende PDF-Dokument herunter, f\u00fcllen den Mitgliedsantrag aus und senden Sie Ihn an den<\/p>\n<p>Freundeskreis Museum Villa Stahmer e.V.G.<\/p>\n<p>Robin Morrison<br \/>\nNachtigallweg 3<br \/>\n49124 Georgsmarienh\u00fctte<\/p>\n<p>Sie finden unseren Flyer nat\u00fcrlich auch im Museum.<\/p>\n<p>Downloads:<\/p>\n<p style=\"line-heigh: 10%;\"><a href=\"http:\/\/fk-villastahmer.de\/wp-content\/uploads\/2023\/08\/Verein_Flyer.pdf\" target=\"_blank\" rel=\"noopener\">unser Flyer<\/a><br \/>\n<a href=\"http:\/\/fk-villastahmer.de\/wp-content\/uploads\/2024\/09\/Mitgliedsantrag.docx\" target=\"_blank\" rel=\"noopener\">unser Mitgliedsantrag(MS-Word-Datei)<\/a><br \/>\n<a href=\"http:\/\/fk-villastahmer.de\/wp-content\/uploads\/2023\/08\/Mitgliedsantrag.pdf\" target=\"_blank\" rel=\"noopener\">unser Mitgliedsantrag(PDF-Datei)<\/a><br \/>\n<a href=\"http:\/\/fk-villastahmer.de\/wp-content\/uploads\/2025\/02\/Vereinssatzung.pdf\" target=\"_blank\" rel=\"noopener\">unsere Satzung<\/a><\/p>\n","protected":false},"excerpt":{"rendered":"<p>Die Villa Stahmer liegt uns am Herzen. Ihnen auch? Dann werden Sie doch Mitglied in unserem Freundeskreis. Wir w\u00fcrden uns sehr \u00fcber Ihre Unterst\u00fctzung freuen. Unterst\u00fctzen Sie uns und helfen Sie dabei, die denkmalgesch\u00fctzte Villa mit ihrem stadtgeschichtlichen Museum und&#8230; <a href=\"https:\/\/fk-villastahmer.de\/?page_id=173\" class=\"readmore\">Mehr lesen &#8230;<span class=\"screen-reader-text\">Mitglied werden<\/span><span class=\"fa fa-angle-double-right\" aria-hidden=\"true\"><\/span><\/a><\/p>\n","protected":false},"author":1,"featured_media":0,"parent":0,"menu_order":0,"comment_status":"closed","ping_status":"closed","template":"","meta":{"_mc_calendar":[],"footnotes":""},"class_list":["post-173","page","type-page","status-publish","hentry"],"rttpg_featured_image_url":null,"rttpg_author":{"display_name":"g","author_link":"https:\/\/fk-villastahmer.de\/?author=1"},"rttpg_comment":0,"rttpg_category":null,"rttpg_excerpt":"Die Villa Stahmer liegt uns am Herzen. Ihnen auch? Dann werden Sie doch Mitglied in unserem Freundeskreis. Wir w\u00fcrden uns sehr \u00fcber Ihre Unterst\u00fctzung freuen. Unterst\u00fctzen Sie uns und helfen Sie dabei, die denkmalgesch\u00fctzte Villa mit ihrem stadtgeschichtlichen Museum und... Mehr lesen ...Mitglied werden","_links":{"self":[{"href":"https:\/\/fk-villastahmer.de\/index.php?rest_route=\/wp\/v2\/pages\/173","targetHints":{"allow":["GET"]}}],"collection":[{"href":"https:\/\/fk-villastahmer.de\/index.php?rest_route=\/wp\/v2\/pages"}],"about":[{"href":"https:\/\/fk-villastahmer.de\/index.php?rest_route=\/wp\/v2\/types\/page"}],"author":[{"embeddable":true,"href":"https:\/\/fk-villastahmer.de\/index.php?rest_route=\/wp\/v2\/users\/1"}],"replies":[{"embeddable":true,"href":"https:\/\/fk-villastahmer.de\/index.php?rest_route=%2Fwp%2Fv2%2Fcomments&post=173"}],"version-history":[{"count":10,"href":"https:\/\/fk-villastahmer.de\/index.php?rest_route=\/wp\/v2\/pages\/173\/revisions"}],"predecessor-version":[{"id":522,"href":"https:\/\/fk-villastahmer.de\/index.php?rest_route=\/wp\/v2\/pages\/173\/revisions\/522"}],"wp:attachment":[{"href":"https:\/\/fk-villastahmer.de\/index.php?rest_route=%2Fwp%2Fv2%2Fmedia&parent=173"}],"curies":[{"name":"wp","href":"https:\/\/api.w.org\/{rel}","templated":true}]}}